{"id":735,"date":"2026-02-17T22:06:59","date_gmt":"2026-02-17T22:06:59","guid":{"rendered":"https:\/\/www.lahetysyhdistysseimi.fi\/?page_id=735"},"modified":"2026-02-21T10:42:40","modified_gmt":"2026-02-21T10:42:40","slug":"seimen-toimintaa","status":"publish","type":"page","link":"https:\/\/www.lahetysyhdistysseimi.fi\/index.php\/seimen-toimintaa\/","title":{"rendered":"Seimen toimintaa"},"content":{"rendered":"\n<p>22.2.26 klo 12.00 Esko ja Heli Somero, Nivalan vapaaseurakunta<br>23.2.26 Esko Somero, raamattupiiri Oulun vankilassa<br>1.3.26 Esko Somero ja Olli Kukkonen, vankilal\u00e4hetys, Kuopion vankila<br>2.3.26 Esko Somero, vankilal\u00e4hetys, Vaalan vankila<\/p>\n\n\n\n<p><strong>6.3.26 klo 18.00 Seimess\u00e4 (Jouhtenentie 254, Oulainen) Christiano Barbosa + tiimi, USA\/Brasilia<\/strong><\/p>\n\n\n\n<p>8.3.26 klo 13.00 Esko ja Heli Somero, Kokkolan perinteinen Helluntaiseurakunta<br>16.3.26 Esko Somero, vankilal\u00e4hetys, Sukevan vankila<br>28.3.26 klo 14.00 Esko ja Heli Somero, Kotikokous Ranualla<br>29.3.26 klo 11.00 Esko ja Heli Somero, Pudasj\u00e4rven helluntaiseurakunta<br>12.4.26 Esko Somero ja Kaarikuoro, Sukevan vankila<br>20.4.26 Esko Somero, Sukevan vankila<\/p>\n\n\n\n<p><strong>6.6.26 Markku ja Teija Veilo, Seimess\u00e4<\/strong> (Jouhtenentie 254, Oulainen)<\/p>\n\n\n\n<p><strong>7.6.26 Markku ja Teija Veilo, Seimess\u00e4<\/strong> (Jouhtenentie 254, Oulainen)<\/p>\n\n\n\n<p><\/p>\n","protected":false},"excerpt":{"rendered":"<p>22.2.26 klo 12.00 Esko ja Heli Somero, Nivalan vapaaseurakunta23.2.26 Esko Somero, raamattupiiri Oulun vankilassa1.3.26 Esko Somero ja Olli Kukkonen, vankilal\u00e4hetys, Kuopion vankila2.3.26 Esko Somero, vankilal\u00e4hetys, Vaalan vankila 6.3.26 klo 18.00 Seimess\u00e4 (Jouhtenentie 254, Oulainen) Christiano Barbosa + tiimi, USA\/Brasilia 8.3.26 klo 13.00 Esko ja Heli Somero, Kokkolan perinteinen Helluntaiseurakunta16.3.26 Esko Somero, vankilal\u00e4hetys, Sukevan vankila28.3.26 klo &hellip; <a href=\"https:\/\/www.lahetysyhdistysseimi.fi\/index.php\/seimen-toimintaa\/\" class=\"more-link\">Jatka lukemista <span class=\"screen-reader-text\">Seimen toimintaa<\/span> <span class=\"meta-nav\">&rarr;<\/span><\/a><\/p>\n","protected":false},"author":1,"featured_media":0,"parent":0,"menu_order":0,"comment_status":"closed","ping_status":"closed","template":"","meta":{"footnotes":""},"class_list":["post-735","page","type-page","status-publish","hentry"],"_links":{"self":[{"href":"https:\/\/www.lahetysyhdistysseimi.fi\/index.php\/wp-json\/wp\/v2\/pages\/735","targetHints":{"allow":["GET"]}}],"collection":[{"href":"https:\/\/www.lahetysyhdistysseimi.fi\/index.php\/wp-json\/wp\/v2\/pages"}],"about":[{"href":"https:\/\/www.lahetysyhdistysseimi.fi\/index.php\/wp-json\/wp\/v2\/types\/page"}],"author":[{"embeddable":true,"href":"https:\/\/www.lahetysyhdistysseimi.fi\/index.php\/wp-json\/wp\/v2\/users\/1"}],"replies":[{"embeddable":true,"href":"https:\/\/www.lahetysyhdistysseimi.fi\/index.php\/wp-json\/wp\/v2\/comments?post=735"}],"version-history":[{"count":3,"href":"https:\/\/www.lahetysyhdistysseimi.fi\/index.php\/wp-json\/wp\/v2\/pages\/735\/revisions"}],"predecessor-version":[{"id":756,"href":"https:\/\/www.lahetysyhdistysseimi.fi\/index.php\/wp-json\/wp\/v2\/pages\/735\/revisions\/756"}],"wp:attachment":[{"href":"https:\/\/www.lahetysyhdistysseimi.fi\/index.php\/wp-json\/wp\/v2\/media?parent=735"}],"curies":[{"name":"wp","href":"https:\/\/api.w.org\/{rel}","templated":true}]}}