{"id":657,"date":"2026-02-12T16:26:40","date_gmt":"2026-02-12T16:26:40","guid":{"rendered":"https:\/\/www.lahetysyhdistysseimi.fi\/?page_id=657"},"modified":"2026-02-27T07:48:24","modified_gmt":"2026-02-27T07:48:24","slug":"papua-uusi-guinea","status":"publish","type":"page","link":"https:\/\/www.lahetysyhdistysseimi.fi\/index.php\/papua-uusi-guinea\/","title":{"rendered":"PAPUA UUSI GUINEA"},"content":{"rendered":"\n<figure class=\"wp-block-image\"><img decoding=\"async\" src=\"https:\/\/www.lahetysyhdistysseimi.fi\/wp-content\/uploads\/2026\/02\/062af4f039304d5d8e08cd81443d9439-604x270.jpg\" alt=\"\"\/><\/figure>\n\n\n\n<figure class=\"wp-block-image\"><img loading=\"lazy\" decoding=\"async\" width=\"491\" height=\"162\" src=\"https:\/\/www.lahetysyhdistysseimi.fi\/wp-content\/uploads\/2026\/02\/image.png\" alt=\"\" class=\"wp-image-352\" srcset=\"https:\/\/www.lahetysyhdistysseimi.fi\/wp-content\/uploads\/2026\/02\/image.png 491w, https:\/\/www.lahetysyhdistysseimi.fi\/wp-content\/uploads\/2026\/02\/image-300x99.png 300w\" sizes=\"auto, (max-width: 491px) 100vw, 491px\" \/><\/figure>\n\n\n\n<p><strong>Papua-Uusi-Guinea<\/strong>&nbsp;on saarivaltio Melanesiassa. Se muodostuu Uuden-Guinean saaren it\u00e4osasata sek\u00e4 sen pienemmist\u00e4 saarista. Se sijaitsee Australian pohjoispuolella lounaisella Tyynell\u00e4 merell\u00e4 juuri p\u00e4iv\u00e4ntasaajan etel\u00e4puolella.<\/p>\n\n\n\n<p>Papua Uusi Guineassa ei ole v\u00e4est\u00f6tietoj\u00e4rjestelm\u00e4\u00e4, asukasluvun arvioidaan olevan 9-12 miljoonaa. Siell\u00e4 puhutaan yli 850 eri heimokielt\u00e4, jotka todella ovat kieli\u00e4 eiv\u00e4tk\u00e4 murteita. Virallisia kieli\u00e4 ovat tok-pising ja hirimotu. Englanti on my\u00f6s hallinnon kieli, mutta sit\u00e4 puhuvat vain kouluja k\u00e4yneet ihmiset.<\/p>\n\n\n\n<p>Papua uusi Guinea jakautuu 22 provinssiin, joilla jokaisella on kuvern\u00f6\u00f6ri maan parlamentiss\u00e4. Lis\u00e4ksi parlamenttiin kuuluu 89 vaaleilla valittavaa edustajaa. Papua Uusi Guinea kuuluu Brittil\u00e4iseen kansainyhteis\u00f6\u00f6n, joten Iso-Britannian kuningas on my\u00f6s heid\u00e4n kuninkaansa.<\/p>\n\n\n\n<p>Papua Uusi Guinea oli vuonna 2025 maailman korruptoitunein valtio. Se tuo mukanaan paljon vaikeuksia. Ilman voitelurahaa asiat ovat hitaita ja lis\u00e4ksi joissakin tilanteissa korruptio aiheuttaa v\u00e4kivaltaa. Vaalit ovat my\u00f6s Papua Uudessa Guineassa hankalaa aikaa. Mellakoita on usein. <\/p>\n\n\n\n<p>Suurinosa Papua Uuden Guinean asukkaista el\u00e4\u00e4 omavaraistaloudessa, ker\u00e4illen ja mets\u00e4st\u00e4en. Kaupungeissa tilanne on huono, koska sinne muuttaneilla ei ole viljelysmaata ja ty\u00f6tt\u00f6myys prosentti on laskennallisesti jopa 89%. Sosiaali- tai ty\u00f6tt\u00f6myysturvaa ei ole ja terveydenhuolto sek\u00e4 koulutus ovat maksullisia.<\/p>\n\n\n\n<p>Suuri osa Papua Uuden Guinean kansalaisista asuu edelleen heimokyliss\u00e4. Heimojen v\u00e4lill\u00e4 tilanteet tulistuvat usein, joten heimosodat ovat maassa yleisi\u00e4. Koston kulttuurin lapset omaksuvat jo hyvin pienen\u00e4. Jumalan sanan ja rakkauden muuttava voima tarvitaan el\u00e4v\u00e4sti ja voimallisesti sinne, miss\u00e4 pimeys on vallannut ihmismielet.<\/p>\n\n\n\n<p>Katulasten tilanne Papua-Uudessa-Guineassa on vakava ja kasvava sosiaalinen ongelma, joka keskittyy erityisesti p\u00e4\u00e4kaupunki Port Moresbyyn sek\u00e4 muihin kasvaviin kaupunkeihin. Kaupungistuminen, k\u00f6yhyys ja perheiden hajoaminen ovat ajaneet tuhansia lapsia kadulle, miss\u00e4 he ovat alttiina hyv\u00e4ksik\u00e4yt\u00f6lle ja rikollisuudelle.<\/p>\n\n\n\n<p><strong>Katulasten tilanne lyhyesti:<\/strong><br><strong>M\u00e4\u00e4r\u00e4:<\/strong>\u00a0Port Moresbyss\u00e4 arvioidaan olevan noin 5 000 katulasta tai kaduilla ty\u00f6skentelev\u00e4\u00e4 lasta. Vuonna 2025 raportoitiin, ett\u00e4 katulasten m\u00e4\u00e4r\u00e4 on kasvussa.<\/p>\n\n\n\n<ul class=\"wp-block-list\">\n<li><strong>Syyt:<\/strong>\u00a0Suurin osa katulapsista on per\u00e4isin k\u00f6yhist\u00e4 oloista. Syit\u00e4 kadulle ajautumiseen ovat perheen elatusvaikeudet, vanhempien laiminly\u00f6nti, v\u00e4kivalta kotona tai perheen hajoaminen.<\/li>\n\n\n\n<li><strong>Arki kadulla:<\/strong>\u00a0Lapset selviytyv\u00e4t kerj\u00e4\u00e4m\u00e4ll\u00e4, myym\u00e4ll\u00e4 pientavaraa, tekem\u00e4ll\u00e4 hanttit\u00f6it\u00e4 tai toisinaan syyllistym\u00e4ll\u00e4 pikkurikoksiin. Monet heist\u00e4 ovat lukutaidottomia ja vailla koulutusta.<\/li>\n\n\n\n<li><strong>Riskit:<\/strong>\u00a0Katulapset ovat suuressa vaarassa joutua seksuaalisen hyv\u00e4ksik\u00e4yt\u00f6n, ihmiskaupan ja v\u00e4kivallan uhreiksi. PNG:n katulapsista suuri osa kokee v\u00e4kivaltaa.\u00a0<\/li>\n\n\n\n<li><strong>Haasteet:<\/strong>\u00a0Vain noin 15 %:lla Papua-Uuden-Guinean lapsista on syntym\u00e4todistus, mik\u00e4 vaikeuttaa heid\u00e4n tunnistamistaan ja palveluiden piiriin p\u00e4\u00e4sy\u00e4.<\/li>\n<\/ul>\n\n\n\n<p>Tiedot vuodelta 2026 kertovat, ett\u00e4 koulutusj\u00e4rjestelm\u00e4n rahoitusvaikeudet uhkaavat j\u00e4tt\u00e4\u00e4 entist\u00e4 enemm\u00e4n lapsia opetuksen ulkopuolelle, mik\u00e4 voi pahentaa katulasten tilannetta entisest\u00e4\u00e4n<\/p>\n\n\n\n<p>Lue mit\u00e4 tarkoittaa se, ett\u00e4 on katulapsi: <a href=\"https:\/\/fi.wikipedia.org\/wiki\/Katulapsi\">klikkaa t\u00e4st\u00e4<\/a><\/p>\n","protected":false},"excerpt":{"rendered":"<p>Papua-Uusi-Guinea&nbsp;on saarivaltio Melanesiassa. Se muodostuu Uuden-Guinean saaren it\u00e4osasata sek\u00e4 sen pienemmist\u00e4 saarista. Se sijaitsee Australian pohjoispuolella lounaisella Tyynell\u00e4 merell\u00e4 juuri p\u00e4iv\u00e4ntasaajan etel\u00e4puolella. Papua Uusi Guineassa ei ole v\u00e4est\u00f6tietoj\u00e4rjestelm\u00e4\u00e4, asukasluvun arvioidaan olevan 9-12 miljoonaa. Siell\u00e4 puhutaan yli 850 eri heimokielt\u00e4, jotka todella ovat kieli\u00e4 eiv\u00e4tk\u00e4 murteita. Virallisia kieli\u00e4 ovat tok-pising ja hirimotu. Englanti on my\u00f6s hallinnon &hellip; <a href=\"https:\/\/www.lahetysyhdistysseimi.fi\/index.php\/papua-uusi-guinea\/\" class=\"more-link\">Jatka lukemista <span class=\"screen-reader-text\">PAPUA UUSI GUINEA<\/span> <span class=\"meta-nav\">&rarr;<\/span><\/a><\/p>\n","protected":false},"author":1,"featured_media":0,"parent":0,"menu_order":0,"comment_status":"closed","ping_status":"closed","template":"","meta":{"footnotes":""},"class_list":["post-657","page","type-page","status-publish","hentry"],"_links":{"self":[{"href":"https:\/\/www.lahetysyhdistysseimi.fi\/index.php\/wp-json\/wp\/v2\/pages\/657","targetHints":{"allow":["GET"]}}],"collection":[{"href":"https:\/\/www.lahetysyhdistysseimi.fi\/index.php\/wp-json\/wp\/v2\/pages"}],"about":[{"href":"https:\/\/www.lahetysyhdistysseimi.fi\/index.php\/wp-json\/wp\/v2\/types\/page"}],"author":[{"embeddable":true,"href":"https:\/\/www.lahetysyhdistysseimi.fi\/index.php\/wp-json\/wp\/v2\/users\/1"}],"replies":[{"embeddable":true,"href":"https:\/\/www.lahetysyhdistysseimi.fi\/index.php\/wp-json\/wp\/v2\/comments?post=657"}],"version-history":[{"count":5,"href":"https:\/\/www.lahetysyhdistysseimi.fi\/index.php\/wp-json\/wp\/v2\/pages\/657\/revisions"}],"predecessor-version":[{"id":798,"href":"https:\/\/www.lahetysyhdistysseimi.fi\/index.php\/wp-json\/wp\/v2\/pages\/657\/revisions\/798"}],"wp:attachment":[{"href":"https:\/\/www.lahetysyhdistysseimi.fi\/index.php\/wp-json\/wp\/v2\/media?parent=657"}],"curies":[{"name":"wp","href":"https:\/\/api.w.org\/{rel}","templated":true}]}}